 = -2*r. What are the prime factors of u?
2
Let t = 7 + -4. Let i = 16 + -20. List the prime factors of i/(13/(-4) + t).
2
Suppose 0 = -5*a + 3*l + 99 - 8, -3*a = 3*l - 45. Let r = a + -8. What are the prime factors of r?
3
Let q = -4 - -35. Let o = 46 - q. List the prime factors of o.
3, 5
Let i = 43 + -22. What are the prime factors of (-4)/(-14) - (-36)/i?
2
Suppose -3*k - 2*v + 0*v + 300 = 0, 3*k + 4*v = 300. List the prime factors of k.
2, 5
List the prime factors of ((-28)/8)/((-1)/14).
7
Let r(q) = -4*q - 2. Let s be r(-2). Let k(i) = -i**2 + 9*i - 8. List the prime factors of k(s).
2, 5
Let v be 34/2 - (-4 + 4). Let c = 30 - v. What are the prime factors of c?
13
Let y = -8 + 4. Let h(l) = l**2 + 1. Let r(x) = -5*x**2 + x - 7. Let v(m) = 6*h(m) + r(m). What are the prime factors of v(y)?
11
List the prime factors of (69/9)/(1/3).
23
Suppose -5 + 10 = -5*v. Let x(w) = -12*w**3 + w**2. What are the prime factors of x(v)?
13
Suppose 0 = 8*m - 4*m. Let p be 20*2 + m/3. Suppose p + 25 = 5*k. What are the prime factors of k?
13
Let q be 3/(-1) + -1 + 3. Let r be 0*(2 - q)/(-3). Suppose r = a + 3 - 15. List the prime factors of a.
2, 3
Suppose 12*g + 6*g - 4356 = 0. What are the prime factors of g?
2, 11
Suppose -3*q = 2*q - 10. List the prime factors of q.
2
Suppose -2*j = 4*h + 2*j - 184, 2*h = 5*j + 85. What are the prime factors of (4/(-10))/((-3)/h)?
2, 3
Suppose -m = 3*g + 3, -2 = 5*g + m + 1. Suppose h + g*h - 13 = 0. What are the prime factors of h?
13
Let x = 45 + -83. List the prime factors of x/(-2) + (-4)/(-2).
3, 7
Suppose 2*f = -6, 5*d + 3*f = 3*d - 11. What are the prime factors of d/(-4) - (-31)/4?
2
What are the prime factors of (-4)/8 + (356/8 - 2)?
2, 3, 7
Let v(n) = -n + 2. What are the prime factors of v(-11)?
13
Let o = 4 - 2. Let r be 1 + (0/o)/(-2). List the prime factors of 50/(-15)*r*-3.
2, 5
Let m(b) = b**3 + 10*b**2 + 10*b - 6. Let x be m(-9). Let l = 14 - x. List the prime factors of l.
29
Suppose 8 = -2*m + 5*h, 3*h - 12 = -0*h. Suppose m*u - 9 = 3. What are the prime factors of u?
2
Let o(f) = f**2 - 8*f + 11. Let k be 12*((-2)/6 + 1). List the prime factors of o(k).
11
Suppose 2*m = -8, m = -4*s - 8 + 144. What are the prime factors of s?
5, 7
Let r = 507 - 249. List the prime factors of r.
2, 3, 43
Suppose -30 = -3*h + 3*p, 0 = -5*h - 0*p - 3*p + 82. List the prime factors of h.
2, 7
Suppose 1 + 3 = 4*w. Suppose -9 = -3*t + 3. Let s = t - w. List the prime factors of s.
3
Let a(w) = -w**2 - 6*w + 6. Let k be a(-9). Let t be 2*(-2 + k/(-6)). Suppose -5*d - t*s + 143 = 23, 4*s + 1 = d. What are the prime factors of d?
3, 7
Suppose 3*m - 280 + 85 = 0. What are the prime factors of m?
5, 13
Suppose 2*x - 10 = 0, 0*w - 3*x = -w + 349. List the prime factors of w.
2, 7, 13
Let x(p) = -p**2 + p. Let n(m) = 5*m**2 - 13*m + 11. Let f(c) = n(c) + 4*x(c). List the prime factors of f(9).
11
Let u = 8 + 1. List the prime factors of u.
3
Let x(y) = y + 5. Let s(m) = -13*m - 2. Let l be s(-2). Suppose 5*h - l = 6. What are the prime factors of x(h)?
11
Suppose -3*x = -5*v - 13, 8 = x + 5*v - 23. Suppose x = -5*z + 56. List the prime factors of z.
3
Let j(n) = n**3 + 8*n**2 + 8*n + 1. What are the prime factors of j(-6)?
5
Let j be (-2)/(-2 - -1 - -3). Let b be 0 + (1 - (-2 - j)). What are the prime factors of (5/(-2))/((-1)/b)?
5
Suppose -2*m = 3*j - 7*m - 18, 2*j - 5*m - 12 = 0. Suppose -h + j*h - 90 = 0. What are the prime factors of h?
2, 3
Suppose 4*q = -4*p - 4, p = 5*q - 0*p - 1. Suppose 5*u - 24 = -3*t + 2, 2*u - 8 = q. What are the prime factors of t?
2
List the prime factors of (4 + -7 + 4)*21.
3, 7
Let d(j) = 6*j - 2*j + 0 - 1 - 2. Let w be d(2). Let c = w + -3. What are the prime factors of c?
2
Let p(n) = n**2 + 3*n - 7. Let d be p(-5). Suppose -8*c + 10 = -d*c. List the prime factors of c.
2
Let r be 340/14 - (-6)/(-21). Suppose -5*z + u = -70, 0 = -5*z + 4*u - r + 109. List the prime factors of z.
13
Let v = -21 + 69. What are the prime factors of v?
2, 3
Let c(j) = j**3 - 2*j**2 - 2*j. What are the prime factors of c(3)?
3
Let v(u) = u - 3. Let r be v(6). Suppose 0 = -r*z + 3*d + 13 + 14, -d + 15 = 5*z. List the prime factors of 172/14 + z/(-14).
2, 3
Let c = 6 + -5. Suppose 0 = 4*a - 9 + c. List the prime factors of a.
2
Suppose 3*m - 3*k - 18 = 6*m, 0 = k. List the prime factors of (-81)/(-6)*m/(-9).
3
Suppose 0 = 2*i + 8, 2*w - 4*i = 352 + 366. What are the prime factors of w?
3, 13
Suppose 4 + 2 = 2*m. Suppose 8*j - 40 = m*j. Let s = -6 + j. What are the prime factors of s?
2
Let c(s) = s + 30. What are the prime factors of c(0)?
2, 3, 5
Suppose 6*b = 5 + 7. Suppose 3*l = l + 20. Suppose c = 2*q - 6, b*q = q - 3*c + l. What are the prime factors of q?
2
Suppose -v + 4*i + 2 - 4 = 0, 2*i - 2 = v. Let f be 3/3 + -4 + v. Let h = f + 10. What are the prime factors of h?
5
Suppose -b - 6*a + 2*a + 1 = 0, 5*a = 2*b - 28. List the prime factors of b.
3
Let a(w) be the first derivative of -w**4/4 + w**2/2 + 9*w - 4. List the prime factors of a(0).
3
Let z be (9/3 - 1) + 6. List the prime factors of 44/z - 2/4.
5
Suppose -9 = -3*z, 3*j - 3*z = -2*z + 147. What are the prime factors of j?
2, 5
Suppose -41 + 7 = -2*j. List the prime factors of j.
17
Let w = 16 - 14. List the prime factors of w.
2
Let a be 8/4 - (1 + 1). Let l(t) = -t**2 - 9*t + 3. Let d be l(-9). Suppose -3*f = -a*f - 5*r - 5, -d*f + 50 = 4*r. What are the prime factors of f?
2, 5
Let p(l) = -l + 2. Let k be p(5). What are the prime factors of k*(-2 - -1) + 22?
5
Let f(j) be the second derivative of 1/2*j**3 + 0 + 2*j - 7/2*j**2. List the prime factors of f(7).
2, 7
Let s(y) = -3*y**2 + 26*y + 10. What are the prime factors of s(8)?
2, 13
Let y be 8/(-6) - 2/(-6). Let b(v) = 2*v**2. Let f be b(y). Suppose -5*c = -m - 43, 2*c - 7*m = -f*m + 31. List the prime factors of c.
2
Suppose -5 = -4*v + p, p - 2 = -v + 3. Suppose -3*z + v = -7. Let s = 1 + z. List the prime factors of s.
2
Let x(j) = 8*j**2 - 5*j + 20. What are the prime factors of x(3)?
7, 11
Suppose -5*w = r - 2*w - 90, 2*r - 170 = -4*w. List the prime factors of r.
3, 5
Let j = -32 - -102. Suppose 4*g = -g + j. What are the prime factors of g?
2, 7
Let y(j) = -129*j + 2. List the prime factors of y(-1).
131
Let l(c) = 2*c**2 + 7*c. What are the prime factors of l(-5)?
3, 5
Suppose -5*x + 1 = 3*s, s - 2*x - 8 = -2*s. Suppose 0 = -5*f - 4*g + 10, 0*g + 3*g + 4 = s*f. Suppose -5*i + 27 = -f*i. What are the prime factors of i?
3
Let c(s) = 5*s**2 + 11*s - 3. What are the prime factors of c(-5)?
67
Suppose -z = 3*z - 184. List the prime factors of z.
2, 23
Let i be ((-12)/(-10))/((-8)/(-20)). Suppose 3*b + 4*h - 94 = 0, h + 3*h + 110 = i*b. What are the prime factors of b?
2, 17
Let r(o) = o + 116. What are the prime factors of r(-8)?
2, 3
Let d = 15 + 14. What are the prime factors of d?
29
Suppose 20*k - 17*k = 555. List the prime factors of k.
5, 37
Let r be 2/5 - 16/(-10). Suppose 2*a - p = -3*a + 1, -5*p = -r*a + 5. Let q(g) = g**2 - g + 10. List the prime factors of q(a).
2, 5
Let r(p) = 3*p - 6. Let h be r(6). Let o be 222/h + 1/(-2). Suppose 5*q - 17 = 4*g, g - 7*q = -3*q - o. List the prime factors of g.
2
What are the prime factors of 1/2 + (-7)/(14/(-345))?
173
Let q(v) = 5 - 1 + 7 - v. Let w be q(8). Suppose 0 = -w*o + 25 - 7. List the prime factors of o.
2, 3
Let j(w) = -w**3 - 8*w**2 - 8*w - 11. What are the prime factors of j(-8)?
53
Let z = 2 - 3. Let i be (-2)/z - (1 + -2). What are the prime factors of 2/((i/3)/2)?
2
Let l be (2/5)/(1/5). Let q(a) = 24*a**3 + 2*a**2 + 2*a. Let y be q(-1). List the prime factors of (-1)/l*(y - -2).
11
Let p(k) = 2*k + 2. Let c(f) = -4*f - 3. Let q(d) = d**2 - 7*d + 5. Let o be q(7). Let l(i) = o*p(i) + 3*c(i). What are the prime factors of l(-5)?
11
Let a(t) be the second derivative of t**5/40 - t**4/6 + t**3/6 - t. Let b(m) be the second derivative of a(m). List the prime factors of b(7).
17
Let i = -4 - -7. Let t be 4/(-12)*-1*15. Suppose 3*a - j = -5*j + 23, -t*a - i*j = -31. What are the prime factors of a?
5
Suppose -4*o + 32 = -16. What are the prime factors of o?
2, 3
Suppose 3*q = -0*q + 21. List the prime factors of q.
7
Suppose 3*m + 0*m = -4*h + 5, -2*h = 4*m. Suppose -20 = -h*y + y + 2*l, 5*y - 3*l - 93 = 0. What are the prime f